r(0).
5
Let j(u) = -27119*u - 162718. What is j(-6)?
-4
Let k(p) = 3*p**2 - 34*p - 1192. Calculate k(-15).
-7
Let a(j) = -2*j**3 + 63*j**2 - 62*j + 967. Give a(31).
6
Let a(k) = -21*k - 445. Determine a(-28).
143
Let x(b) = -b**2 - 99*b + 6. Give x(0).
6
Let x(n) = -n**3 - 165*n**2 - 330*n - 665. Give x(-163).
-13
Let k(n) = -19*n + 3. What is k(4)?
-73
Let x(q) = q**3 + 27*q**2 - 456*q - 11926. What is x(-28)?
58
Let b(w) = -4*w**3 - 32*w**2 + 41*w + 5. Give b(-9).
-40
Let s(z) = -34*z + 294. Calculate s(14).
-182
Let i(w) = 2*w**2 - 138*w - 2504. What is i(84)?
16
Let y(b) = 17*b**3 + 40*b**2 + 6*b + 8. Determine y(-3).
-109
Let d(x) = 4*x**3 + 139*x**2 + 106*x + 137. Calculate d(-34).
1
Let g(q) = 2*q**2 + 424*q + 4051. Determine g(-10).
11
Let k(s) = -s**2 + 40*s + 137. What is k(-3)?
8
Let v(c) = -6*c**2 - 40*c + 15. Calculate v(-7).
1
Let y(z) = z**3 - 21*z**2 + 16*z + 18. What is y(21)?
354
Let w(k) = -7*k**3 - 55*k**2 + 19*k + 75. What is w(-8)?
-13
Let l(p) = 2*p**3 + 8*p**2 - 4*p. Calculate l(-6).
-120
Let v(r) = -3*r**3 + 438*r**2 - 14*r + 2100. Calculate v(146).
56
Let q(l) = -715*l + 15736. Give q(22).
6
Let h(a) = -7*a - 441. What is h(-62)?
-7
Let o(a) = -16*a + 43. Give o(-7).
155
Let z(o) = 47*o - 104. Give z(-2).
-198
Let g(r) = 4*r**2 - 318*r + 399. Give g(77).
-371
Let b(c) = c**3 + 51*c**2 - 14*c - 838. Calculate b(-51).
-124
Let q(t) = -5*t**2 - 53*t - 68. What is q(-5)?
72
Let f(p) = 2*p**2 + 23*p - 18. Determine f(10).
412
Let t(k) = -k**3 - 29*k**2 - 142*k - 53. What is t(-23)?
39
Let l(n) = -25*n + 796. What is l(33)?
-29
Let n(k) = -49*k - 243. What is n(-5)?
2
Let f(d) = -23*d**3 - 7*d**2 + 56*d - 50. What is f(1)?
-24
Let v(f) = 37*f**3 + 220*f**2 - 11*f - 10. Determine v(-6).
-16
Let v(u) = 300*u - 1559. What is v(6)?
241
Let a(x) = 62*x + 721. Give a(-14).
-147
Let j(h) = -31*h - 2072. Calculate j(-63).
-119
Let l(x) = -113*x + 2596. Give l(23).
-3
Let r(z) = -z**3 + 14*z**2 - 16*z + 1. Determine r(13).
-38
Let h(x) = 659*x + 757. Give h(-1).
98
Let u(p) = p**3 - 42*p**2 - 37*p - 16. What is u(43)?
242
Let i(g) = 6*g**2 + 74*g - 241. Calculate i(-15).
-1
Let c(h) = h**3 + 15*h**2 + 41*h + 52. Calculate c(-12).
-8
Let g(a) = -56*a - 733. Give g(-13).
-5
Let i(o) = 17*o - 1837. What is i(109)?
16
Let v(p) = -p**3 - 228*p**2 - 201*p + 5906. What is v(-227)?
4
Let p(b) = -b - 268. Determine p(16).
-284
Let g(w) = -w**2 - w + 2719. Calculate g(-53).
-37
Let l(w) = 2*w**2 + 147*w + 1292. Give l(-10).
22
Let y(t) = t**3 + 12*t**2 + 3*t - 90. Give y(-11).
-2
Let q(l) = 875*l + 20996. Give q(-24).
-4
Let d(q) = 784*q - 6114. Give d(8).
158
Let c(v) = 20*v**2 + 6*v - 14. Calculate c(3).
184
Let n(m) = 2*m**2 - 107*m + 875. Give n(43).
-28
Let w(m) = 216*m**2 - 3456*m - 7. Calculate w(16).
-7
Let u(o) = -27*o - 399. Give u(-16).
33
Let t(n) = -1345*n - 95503. Give t(-71).
-8
Let l(f) = -2*f**3 - 41*f**2 - 59*f - 29. Give l(-19).
9
Let a(c) = -30*c**3 + 3*c**2 - 11*c + 6. Determine a(2).
-244
Let f(v) = -v**2 - 124*v + 732. Determine f(6).
-48
Let y(t) = 24*t**2 + 4*t - 5. Calculate y(1).
23
Let b(t) = 5*t**3 - 8*t**2 + 17*t. Determine b(4).
260
Let h(g) = -158*g - 559. Give h(-6).
389
Let b(m) = -m**3 + 125*m**2 - 1456*m + 196. What is b(112)?
196
Let z(v) = v**3 - 8*v**2 + 16*v - 181. Give z(9).
44
Let c(h) = -h**3 + 19*h**2 - 5*h - 107. Give c(16).
581
Let u(l) = l**3 + 14*l**2 - 48*l - 262. Calculate u(-16).
-6
Let w(v) = v**3 - 15*v**2 + 13*v + 36. Calculate w(3).
-33
Let s(x) = 74*x - 825. Calculate s(16).
359
Let z(l) = -l**3 + 2*l**2 + 7*l + 9. Give z(-3).
33
Let g(x) = -5*x**3 + 30*x**2 + 2*x + 23. Give g(6).
35
Let a(h) = -13*h**3 + h**2 + 3*h + 2. Give a(2).
-92
Let g(f) = 20*f + 200. Give g(-12).
-40
Let c(m) = -3*m**3 + 69*m**2 - 33*m - 60. Determine c(22).
666
Let t(a) = -a**2 - 8*a + 7. What is t(-14)?
-77
Let a(p) = -10*p**2 + 229*p + 1723. Determine a(-6).
-11
Let v(x) = -163*x - 17454. Determine v(-107).
-13
Let d(n) = -19*n + 137. Give d(8).
-15
Let b(s) = -20*s**2 + 118*s - 7. Give b(6).
-19
Let w(s) = s**2 - 30*s + 190. Calculate w(13).
-31
Let c(g) = 9*g + 219. Give c(-14).
93
Let o(f) = -163*f + 6677. Give o(41).
-6
Let c(u) = -u**3 - 1247*u**2 - 9919*u - 55. Give c(-8).
1
Let o(f) = -9*f**3 + 2. Calculate o(-1).
11
Let c(m) = -m**2 + 68*m - 436. Determine c(52).
396
Let n(b) = 4*b**2 + 6*b + 4. Calculate n(0).
4
Let b(o) = -4*o**2 + 692*o - 2089. Give b(3).
-49
Let p(d) = 1154*d - 20730. Calculate p(18).
42
Let q(z) = z**3 + z**2 + 12*z - 57. Determine q(-9).
-813
Let f(c) = 13*c**2 + 621*c - 1445. Determine f(-50).
5
Let x(n) = n**3 - 8*n**2 - 11*n + 57. Determine x(8).
-31
Let f(i) = -i**2 + 16*i + 6. What is f(19)?
-51
Let u(d) = -82*d - 536. Determine u(-6).
-44
Let r(m) = 3*m**2 + 60*m - 124. Calculate r(-18).
-232
Let t(h) = h**3 + 18*h**2 + 26*h - 85. Give t(-16).
11
Let x(s) = 3*s**2 - 202*s + 211. Give x(68).
347
Let c(l) = -594*l + 606. Calculate c(1).
12
Let a(h) = -42*h**2 + 80*h + 70. Determine a(-1).
-52
Let t(l) = 35*l + 3080. Give t(-88).
0
Let l(y) = -y**3 - 46*y + 176. Calculate l(3).
11
Let k(s) = -s**2 - 40*s - 358. What is k(-14)?
6
Let l(t) = 12*t**2 - 407*t - 63. What is l(34)?
-29
Let q(g) = 16*g**3 - 57*g**2 - 16*g - 52. Calculate q(4).
-4
Let v(w) = -66*w - 1905. Calculate v(-29).
9
Let w(a) = 3*a**2 + 2*a + 287. Calculate w(15).
992
Let f(p) = -2*p**3 - 12*p**2 - 17*p - 21. What is f(-4)?
-17
Let m(n) = -n**3 - 15*n**2 - 25*n + 20. Give m(-13).
7
Let y(z) = 12*z**2 + 61*z + 89. Determine y(-5).
84
Let c(n) = -150*n - 1801. What is c(-12)?
-1
Let y(d) = 2*d**2 - 496*d + 22023. Determine y(190).
-17
Let v(c) = -c**2 + 250*c - 6577. Give v(220).
23
Let p(t) = -3*t**2 + 18*t - 26. Calculate p(7).
-47
Let k(h) = 16*h**3 + 1795*h**2 + 335*h - 113. Calculate k(-112).
-1
Let h(s) = -15*s - 562. What is h(-39)?
23
Let t(l) = 236*l - 236. Calculate t(-3).
-944
Let a(p) = 12*p**3 - 35*p + 3. Determine a(0).
3
Let n(j) = -3*j**2 - 55*j - 256. What is n(-8)?
-8
Let r(t) = 66*t**3 + t**2 - t - 1. Determine r(-1).
-65
Let m(p) = -p**3 - 26*p**2 + 3*p + 12. Calculate m(-26).
-66
Let d(p) = -p**2 + 245*p - 12154. Determine d(69).
-10
Let f(l) = l**3 + 6*l**2 - 13*l + 158. Calculate f(-9).
32
Let o(z) = z**2 + 41189*z + 247092. What is o(-6)?
-6
Let g(j) = -5*j**2 + 272*j + 47. Calculate g(55).
-118
Let w(p) = 3*p**3 - p**2 + 15*p + 7. Calculate w(-4).
-261
Let r(n) = 24*n**3 - 6*n**2 + 11. Calculate r(-2).
-205
Let d(c) = c**3 + 220*c**2 + 1484*c - 1488. Give d(-213).
3
Let g(k) = 6*k**2 - 79*k - 210. Give g(22).
956
Let x(b) = 4*b**2 + 17*b - 217. Determine x(-10).
13
Let m(c) = -4*c**2 + 76*c - 154. What is m(2)?
-18
Let h(x) = 3*x**3 - 21*x**2 + 50*x - 14. Give h(3).
28
Let x(t) = -t**3 - 12*t**2 - 10*t + 31. Give x(-11).
20
Let q(t) = 306*t + 466. Give q(-2).
-146
Let a(p) = 116*p + 270. Give a(-2).
38
Let w(a) = -59*a**2 - 869*a + 234. What is w(-15)?
-6
Let s(l) = -752*l + 6761. Give s(9).
-7
Let v(j) = 5*j - 20. What is v(7)?
15
Let z(l) = 2*l**3 + 24*l**2 + 3*l - 59. Determine z(-12).
-95
Let b(w) = -4*w + 61. What is b(14)?
5
Let x(j) = -j**3 + 16*j**2 + 19*j + 257. What is x(18)?
-49
Let k(n) = -n**2 - 11*n + 29. Calculate k(-17).
-73
Let n(i) = 110*i + 1124. Give n(-9).
134
Let q(k) = -k**3 - 40*k**2 - 68*k + 313. Give q(-38).
9
Let y(r) = 53*r + 294. Calculate y(-5).
29
Let s(u) = -14*u + 457. Give s(27).
79
Let b(l) = -382*l + 90881. Give b(238).
-35
Let x(i) = 23*i - 114. Determine x(14).
208
Let g(k) = 1716*k + 147561. Give g(-86).
-15
Let x(z) = -2*z**3 + 316*z**2 + 631*z + 1458. Determine x(160).
18
Let u(k) = -k**3 + 16*k**2 + 20*k - 86. Calculate u(17).
-35
Let t(y) = 6*y**3 - 6*y**2 - 10*y + 38. Determine t(2).
42
Let y(m) = -4*m**3 + 4*m**2 + 8*m + 13. Calculate y(-3).
133
Let a(n) = 217*n - 3023. What is a(14)?
15
Let u(k) = -2*k**2 - 33*k + 366. Give u(-21).
177
Let f(i) = 9*i**2 + 35*i - 5. What is f(-2)?
-39
Let t(a) = -a**2 - 3*a + 1097. Determine t(30).
107
Let g(c) = -4*c**2 + 26*c + 166. Calculate g(-5).
-64
Let s(v) = v**3 - 12*v**2 + 17*v - 33. Calculate s(5).
-123
Let r(m) = -m**3 + 5*m**2 - 11*m + 76. Determine r(6).
-26
Let t(n) = -8*n**3 + n**2 - 7*n - 5. Calculate t(3).
-233
Let f(y) = -2*y**3 - 9*y**2 + 7*y + 41. Give f(-3).
-7
Let v(w) = -45*w**2 - 